2
What is (-139 - -148) + -2 + 3 + -1 + 0?
9
What is the value of -10 + 6 + 4 + -7 + 5 + 3?
1
What is the value of (23 - (15 + -17)) + -13?
12
What is -2 - 1 - (-5 + 9 - -5)?
-12
Evaluate -1 - (-4 + (13 - 8)).
-2
Calculate -14 - 6 - (8 - 19).
-9
-22 + -3 + (3 - (-6 - (3 + -5)))
-18
10 - (1 + 2) - (-30 + 68 + -12)
-19
What is the value of 4 - (-1 + (8 - (6 + -1))) - -4?
6
Evaluate 53 - (-13 + (-18 - -58)).
26
What is the value of -4 + (6 - 12 - -11) - (1 + -2)?
2
Calculate (-1 + -5 + 10 - (-2 + -8)) + -5.
9
What is -1 - -1 - (-226 + 229)?
-3
Calculate 14 - (5 - 1 - -11).
-1
(-46 - (-21 - -31)) + 32
-24
Evaluate -18 - (13 - 38) - -2.
9
(6 - (-1 - 0)) + (-18 - (-67 - -49))
7
What is the value of 33 + -21 + -5 - -12?
19
What is (-8 - -14 - (3 + -4)) + 7?
14
What is -187 - -179 - (28 - -2)?
-38
-6 + -14 + 13 + -4
-11
Calculate (-3 - (-31 + 15)) + (-3 - 29).
-19
What is 5 + (-7 - -1) + 4 + -10 + 2?
-5
(2 + -4 - -12) + 74 + -96
-12
What is the value of -8 + (-2 - (7 + -6)) + -4?
-15
What is 1 + -8 - (17 - (17 - (32 + -20)))?
-19
What is -19 - (-12 - ((-10 - 0) + 3))?
-14
Calculate (-1 - -1) + (3 - 28 - -23).
-2
Evaluate 41 + -2 - (-12 + (-10 - -34)).
27
-13 - (-26 - (-14 + -10))
-11
What is the value of 36 - (25 + -13) - -7?
31
What is the value of -15 - (-13 + 19) - -13?
-8
What is (-8 - (14 - 24)) + -4 + (0 - -1)?
-1
What is the value of -1 - -15 - (-8 - -11)?
11
What is the value of (19 - (10 - 9) - 18) + 9?
9
What is -18 + -6 + 1 + 0?
-23
Evaluate (6 + -1 - -10) + -28.
-13
What is the value of -8 + (-30 - -3) + (8 - 0)?
-27
(-24 - -19) + (10 - 16)
-11
Calculate 23 + -14 + 6 - 10.
5
What is (16 - 7 - 9) + 7 + -11?
-4
22 + 21 + -9 + -21 - 21
-8
What is 7 + (-6 - (-3 + (-4 - -5) + -7))?
10
Evaluate (0 - -9 - 18) + 2 + -10.
-17
-40 + 24 + (9 - (-1 - -3))
-9
What is 20 + (1 - 12) + -9 + -2?
-2
Calculate -1 + -29 + 28 - 15.
-17
What is 8 - 19 - (-7 + 0)?
-4
What is -6 + -25 + 13 + (-2 - -8)?
-12
What is 9 - (0 - 1 - (-12 + 10))?
8
Calculate -48 + 37 + 21 - (0 - -17).
-7
What is (0 - -4) + (8 - (10 + -2)) + -4?
0
Calculate -32 + (43 - 2) + (0 - 18) + -2.
-11
What is (5 - -12) + -35 - (40 + -18)?
-40
-29 - (-49 + 9 - -8)
3
Evaluate 3 - (-1 + -6 + 22 + -13).
1
What is 5 + (15 - 5) + -4 + -7 + 6?
10
Calculate (-14 - -12) + 13 - 8.
3
What is the value of -9 + 4 + 12 - 8?
-1
What is the value of -32 - -58 - (1 - -17)?
8
What is 3 + 6 + -18 + -11 + 9?
-11
Evaluate (2 + 1 + -18 - -12) + -1 + -10.
-14
What is 0 - -2 - 1 - (-4 + 1) - 3?
1
Evaluate (6 - (3 + (-6 - -3))) + -9.
-3
What is -2 - -1 - -18 - (-5 - (-50 + 53))?
25
Evaluate 17 - 18 - -47 - 27.
19
Evaluate (-4 - -10) + (31 - 25).
12
Calculate -35 + 22 + 44 + -10.
21
Evaluate (-121 - -128) + (-17 - 2).
-12
(4 - -13) + -19 + 11 + -4
5
Evaluate 10 + 1 + -9 + 4.
6
Calculate -6 - (10 - 6 - 16).
6
Evaluate 7 - (3 + 4 + -6) - 18.
-12
Calculate (3 - (-8 - -13)) + 14 + 4.
16
13 + -1 + -4 - (-8 + 28)
-12
What is (-18 - -25) + -16 - (-1 + -31)?
23
-9 + 8 + (-6 - -1)
-6
Calculate 1 + -11 + (0 - 5 - -6).
-9
(69 - 37) + (1 - 5) + 9 + -12
25
Evaluate -3 + (-5 - -2) - (-10 + (24 - 5)).
-15
What is (6 - 17) + -9 + 1?
-19
Calculate (3 - -4) + -5 - (-4 + -1).
7
Evaluate 11 + -16 - (-2 + 4 - 18).
11
What is the value of 3 - 5 - (-5 - -4 - 3 - 14)?
16
What is the value of 4 + -4 + -1 - (-74 + 77)?
-4
Evaluate 2 - 13 - -18 - (12 - -2).
-7
Calculate 11 + -8 + (-32 - -3 - -3).
-23
28 + -23 + 10 + (4 - 9 - -15)
25
8 - (-6 - (-17 - -9)) - 16
-10
-9 - (9 - (13 - -5)) - 7
-7
What is the value of 1 + 9 + -8 + 4 + -31 - -6?
-19
What is the value of -6 - 18 - -32 - (3 - (-17 + 1))?
-11
What is -1 + (-16 - -23) + (-1 - 0) + -20?
-15
Evaluate 33 + (-2 - (22 - -34)).
-25
Calculate 11 + 1 + -13 + 8 + (12 - 15).
4
Evaluate 7 + -5 - -8 - (-19 + 7 - -4).
18
-14 + 6 + 0 - -10 - (18 + -1)
-15
Calculate -42 - (-18 + -31 + -25).
32
What is 13 + 14 + -30 + 19?
16
What is (-13 - -22) + (0 - (-6 + 7))?
8
What is the value of 27 + (-9 - 0 - -20) + -20?
18
What is 8 + (-17 - -7) + 5?
3
What is the value of -6 + (-2 + 2 + 3 - 4 - -3)?
-4
9 - 11 - (-4 - (-13 + 6))
-5
(-6 - -2 - (0 - -1)) + 16
11
Calculate (-4 + 10 - 13) + 2 + 13.
8
Calculate (38 - 32) + 2 + -1 + -19 + 42.
30
What is (-76 - -73) + 6 + 1?
4
What is -21 + 16 + -10 + -3?
-18
What is the value of -7 + (-37 - (-5 + -5))?
-34
What is 4 + -1 + (520 - 529)?
-6
Evaluate (1 - 22) + 6 - (21 + -23).
-13
What is the value of 4 - (9 + (-13 - -6))?
2
What is 63 - 97 - (-24 + 2)?
-12
What is the value of 26 - 39 - (5 + -1 - 4)?
-13
What is the value of (11 - 12) + -10 + 9 + 27?
25
What is 4 + -15 + 19 + -16?
-8
6 - (13 - (3 + 11 + -8))
-1
-3 + -7 + 4 + (12 - 0) + -8
-2
What is -45 - -51 - (-1 + 3 + 0 - -12)?
-8
Calculate -22 + (0 - -19 - (20 + -2)).
-21
What is -2 - (3 + (-7 - 7) + (2 - -4))?
3
Calculate 86 - (97 + -26) - (1 - (7 - -1)).
22
5 + -11 - (-5 + 3) - -4 - -2
2
Calculate 4 + -22 + (-5 - (-3 - 4)) + 5.
-11
(2 - -3) + (-1 - (14 - (2 - -2)))
-6
-35 + (30 - 8) - -9
-4
6 - ((-4 - -4) + -1 + -4)
11
Calculate 4 - (19 - (-1 + 10 + -9)).
-15
What is 27 + 19 + -12 + 2 + 6 + -11?
31
What is the value of 9 - (83 + -77 + (0 - -3))?
0
What is (7 + -4 - (-3 - 1)) + -3 + 3?
7
What is the value of (9 - (5 + 13)) + 0 + -5?
-14
Evaluate 29 + -16 + 5 + -18.
0
Evaluate -10 + 7 + -25 + 4.
-24
What is the value of 2 + -9 - (45 + -15 + -13)?
-24
Calculate -7 + 22 + (-6 - (-3 + 1 - -7)).
4
Evaluate -12 - (-18 + -11 + 15).
2
What is the value of -43 + 13 + 17 + -2 + -7?
-22
Evaluate -4 - (-10 - (-3 + 5 + -7)).
1
5 + 2 + (12 - 28) + 2
-7
What is the value of -25 + 46 + -29 + 10?
2
What is the value of 9 + (4 - (9 - 5 - 5))?
14
Evaluate 1 - (5 - (5 - -5)) - 11.
-5
What is -69 + -4 + 70 - (0 + 18)?
-21
What is the value of 19 - (-3 + -11 - -65)?
-32
What is the value of -41 + (19 - (10 + -5)) - -12?
-15
Calculate 2 - ((-10 - 0) + (18 - 3 - 13)).
10
What is 0 + (20 + -25 - (-5 - -1)) + 13?
12
1 - (21 - (-10 + (-8 - -32 - 11)))
-17
Evaluate (34 - 0) + (-12 + 18 - 12).
28
Evaluate -1 + (3 - (2 + -4 + 2)) - -11.
13
What is the value of (6 - 1) + 8 + 20 + -7 + -11?
15
What is the value of 44 + -8 + -40 + 6?
2
What is (-9 - 0) + (380 - 361) - (-10 + -1)?
21
Evaluate 6 + 3 + (-5 - (-25 - -39)).
-10
Calculate 27 - (-10 + 2 - -7 - 11).
39
What is the value of (-21 - -17) + (0 - (21 + 3)) + 0?
-28
What is (-73 - (59 + -140)) + (1 - 11)?
-2
Calculate 25 - -2 - 17 - (23 + -2).
-11
What is the value of 14 - -6 - 3 - 13 - -15?
19
4 - ((-23 - -12) + 2 - (-8 + -1))
4
Evaluate 0 + 8 + 365 + -369.
4
15 + -12 - -18 - 23
-2
Calculate 6 + (-3 - -3) + (-1 - 4).
1
Calculate -11 + 2 + (25 - 40) + 1 + 2.
-21
Evaluate 12 + 2 + 9 + (-32 - -39).
30
What is the value of 9 - 24 - (-19 + -11 - -13)?
2
What is the value of 1 + 4 - (6 + -10 + 2)?
7
(-9 - ((-3 - 2) + 2)) + (-17 - -17)
-6
24 + (-5 + (1 - (4 - -7)) - -9)
18
Calculate (-5 - (-3 - (-9 + 24))) + 16.
29
Calculate (41 + -46 - (-2 + 4 - 5)) + -10.
-12
What is (1 - (17 - 18)) + -8?
-6
Calculate -3 + (-12 - -1) + (-4 - (1 - 0)).
-19
(-27 - -36) + (1 - 23) + 3
-10
What is the value of 31 + -14 + -24 - 1?
-8
What is (-39 - (-42 - -12)) + (30 - 1)?
20
What is 18 - (12 + (-7 - 4) - (-5 - 0))?
12
What is the value of 11 + 0 + -6 + (-2 - -5)?
8
Calculate -13 - (2 + -35 - -6).
14
What is -5 - (0 + 15 + -17)?
-3
What is the value of -25 + 1 - (-13 + -5)?
-6
Evaluate (-19 + -2 - 1) + (-10 - (-27 - -11)).
-16
Evaluate 51 + -24 + 36 + -26.
37
(-15 - -35) + -10 - 22
-12
What is 11 - ((28 - 20) + -2 + -3)?
8
Calculate 1 + 9 - (-216 + 224).
2
Calculate -2 - (-12 - 2) - (1340 + -1322).
-6
Calculate -2 - -11 - (34 + (33 - 62)) - -24.
28
Calculate -15 - (-47 + 28 + -3 + -13).
20
Evaluate (15 - (20 + 3)) + -8.
-16
-39 - -36 - (13 - -9)
-25
Calculate -33 - (-60 + 41 - -9).
-23
-36 + (63 - -8) + -2
33
10 - (6 + (8 - 24))
20
Evaluate 0 - 22 - (-173 - -158).
-7
Evaluate 6 + (-8 - (13 - 7)) - 2.
-10
Evaluate 1 - (15 + 10 + -8) - -13.
-3
What is (-13 + -4 - 3) + (61 - 54)?
-13
What is 45 - 0 - (117 - 86)?
14
Calculate 13 - 3 - 3 - -15 - (10 + -2).
14
-25 + 20 - (6 + 0 - -27)
-38
What is the value of -10 + (10 - -9) - (1 - 17)?
25
(-4 - 3) + -162 + 178
9
(2 - 5) + (-7 + 6 - -9) + -4
1
What is (65 - 56) + 0 + 1 + -9 + 1?
2
Evaluate 8 + (2 - (18 + -4)).
-4
What is the value of (1 - -2) + 2 + (0 - -4) + -10?
-1
What is t